et k(m) = 33*m + 1. Is k(b) a composite number?
False
Let q = 51 - 79. Let x = -28 - q. Suppose x = 2*o - 0*o - 452. Is o prime?
False
Suppose -2*q = 0, 4*q + 8947 - 482 = 5*s. Is s composite?
False
Suppose -9 + 4 = -c - 5*r, c = 3*r + 5. Suppose c*o - 10*o = -5. Is ((-5)/(-10))/(o/66) prime?
False
Let h(p) = -168*p**3 - 3*p**2 + 7. Let o be h(-2). Suppose -v + 1266 + o = 0. Is v composite?
True
Let w = 995 - 710. Let n = 704 - w. Is n composite?
False
Let h = -2 + 29. Is (-8)/(-2) + (h*26 - 5) a prime number?
True
Let l = 31391 + -14872. Is l composite?
False
Let m be ((-6)/(-18))/((-1)/(-207)). Let b(k) = -5*k - 3*k + 11*k + 85*k**2 + 1 + m*k**2. Is b(-2) a prime number?
False
Suppose -237106 = -7*j - 29465. Is j a prime number?
True
Let w(m) = m - 7*m**3 - 77 + 78 - m - 3*m**2. Is w(-9) a prime number?
True
Suppose -16 = -4*h, 2*c + h - 4354 = 2*h. Is c a prime number?
True
Let m(i) be the first derivative of 3*i**2/2 - 2*i - 2. Let p = -9 + 17. Is m(p) a composite number?
True
Let z(u) = -84*u - 6. Let h be z(-8). Suppose 526 = 8*s - h. Is s prime?
True
Let a(x) = 8*x**2 - 6*x + 1. Let h be a(6). Suppose -3*v = n + 83, -n + 2*v = 6*v + 78. Let t = h + n. Is t a prime number?
False
Let a be ((-9)/4)/((-51)/(-952)). Let d be (-3124)/33*a/4. Let k = 559 + d. Is k a prime number?
True
Suppose -3*a - 12*a = -366465. Is a composite?
True
Is -1 - (37128/(-2) - (55 + -59)) prime?
False
Let g = 2 - -3. Suppose -g*i - 5*j + 30 = 0, -i - 2*j + 14 = j. Suppose 2*w = -4, k - i*w - w = 155. Is k a prime number?
True
Let p(u) = u**3 + 9*u**2 - u + 4. Suppose -24*z = -21*z - 21. Is p(z) prime?
False
Let b = -11 + 26. Suppose 4*a - 63 + 23 = -4*j, j - 4*a = -b. Suppose -q + 6*q = j*c - 140, -5*c = -4*q - 137. Is c composite?
True
Let o = 102 - 95. Let h(z) = 8*z**2 - 5*z - 20. Is h(o) a composite number?
False
Let m(g) = 3*g**2 - 2*g + 2. Let q be m(1). Suppose 2 + 10 = 4*a - 4*s, -q*s = 4*a + 23. Is 1 + a + 1 + 33 prime?
False
Suppose 35*t - 12804 - 24751 = 0. Is t a prime number?
False
Let t = -978 - -1373. Is t a prime number?
False
Suppose -4*w - 3*i - 6800 = 0, -w = 4*i - i + 1700. Is 3 + (w/(-6))/(6/18) a prime number?
True
Suppose 264 = 5*k + 84. Suppose -3*u + 4*h + 1291 = 0, -5*h + 935 = 2*u + k. Is u prime?
False
Let k = -75 + 75. Suppose -2*q + 911 + 1075 = k. Is q a composite number?
True
Suppose -6*k - 17 - 19 = 0. Let u(o) = -3*o**3 + 5*o**2 + 2*o - 7. Is u(k) a composite number?
False
Suppose 2*y = 10*c - 8*c + 11040, 0 = -3*y - c + 16540. Is y a composite number?
True
Suppose 3*g - 47881 = 4*k, 5*g = -5*k + 35566 + 44224. Is g a composite number?
False
Is (-9)/((-1377)/306782) - (-1)/(-9) a composite number?
True
Suppose -3*h - 1884 = -5*h + 2*i, 3*h - 2831 = -2*i. Is h a prime number?
False
Let a be (2/(-4))/(4/(-344)). Suppose a - 383 = -5*l. Let q = 105 - l. Is q a prime number?
True
Let z = -14 + -16. Let u be -5 + 6 + z/(-2). Is 2*-22*(-116)/u composite?
True
Let q(b) = 128*b - 1. Suppose 11*n = 7*n + 4. Is q(n) a composite number?
False
Let c = 42529 + -21894. Is c a composite number?
True
Suppose -3*k = -5*k + 4*r + 16, 2*k - r - 4 = 0. Suppose k = -f + 4. Suppose 0*d = f*d - 236. Is d a prime number?
True
Suppose 2*g - 26039 = -5*x, 3*x + 2251 = 5*g + 17893. Is x a prime number?
True
Let m = -83 - 116. Let p(v) = -v**3 + 4*v**2 - 7*v. Let n be p(6). Let k = n - m. Is k a composite number?
True
Suppose 15 = f - 5*j, 2*f + j - 25 = 5. Is f/35 + 19500/21 a composite number?
False
Suppose 4*h + 74 + 10 = 4*n, -5*h = n + 123. Let y = 42 + h. Suppose -12 - y = -3*c. Is c a prime number?
False
Let h be (-15 - -1) + (0 - -1). Let n = 2 + h. Let b = n + 94. Is b composite?
False
Let d(n) be the third derivative of -13*n**7/560 + n**6/360 - 11*n**5/60 + 4*n**2. Let i(h) be the third derivative of d(h). Is i(-5) a prime number?
True
Suppose 0 = 4*m - 10*m + 30. Suppose -v - 5936 = -m*i, 632 = i - v - 556. Is i composite?
False
Suppose -53 + 38 = -5*y. Let s(o) = 11*o**3 - 2*o**2 + 2*o + 6. Is s(y) composite?
True
Suppose -2*u - 2*h = -10, -2*u + 0*h - h = -9. Suppose 3*r = 2*s - 425, -r + u*r = -s + 190. Is s composite?
True
Let c(w) = 13*w**2 + 2*w - 4. Let d be c(8). Suppose -13*f - d = -15*f. Is f composite?
True
Suppose -g - b = -19846, 2*g - 6*b = -3*b + 39667. Is g prime?
True
Let x(o) = o**2 - 6*o + 3. Let a be 9/1*(-12)/(-36). Let u be x(a). Is ((-7)/(-3))/(u/(-90)) prime?
False
Suppose -11*d + 7*d = 0. Suppose -4*w + d*w = 4*z + 12, z = 4*w - 13. Is 1055/z*(-1 + 0) prime?
True
Suppose 0 = -24*x + 58*x - 59636. Is x a composite number?
True
Let y(x) = x**2 + 9*x + 9. Let r be y(-8). Let n be (0 - 7) + 2 - r. Is (-380)/(-3) + (-2)/n a composite number?
False
Let j = 15 - -32. Suppose 4*s - 60 = 5*n + j, s = -5*n + 8. Let u = s + -12. Is u composite?
False
Suppose 0 = -5*a + 4*o + 4285, -3*a - 7*o + 2549 = -5*o. Is a prime?
True
Let z(b) = 5*b - 16. Let o be z(5). Suppose 0 = -o*c + 2438 - 431. Is c a prime number?
True
Suppose -5*v + 1895 = 5*m, 1516 = 4*m - 19*v + 15*v. Is m a prime number?
True
Let t be ((-5)/2)/(3/(-6)). Suppose t*l = -4*b + 691, -688 = -4*b - l - 3*l. Is b a prime number?
False
Let m = -578 - -6135. Is m composite?
False
Let v(n) = 55*n**2 + 6*n - 6. Is v(5) a prime number?
True
Let l(o) = 111*o + 9. Let g(m) = 14*m + 1. Let f(r) = 33*g(r) - 4*l(r). Suppose 0 = -29*k + 40*k - 55. Is f(k) prime?
False
Let c(a) = -4*a**3 - a**2 - a. Let s be c(-1). Suppose -4*d - 3909 = -5*g, -2*d + 235 = -s*g + 3367. Is g a composite number?
True
Let d = -97 - -92. Is 2/d + 44/10 - -115 a composite number?
True
Let s = 29100 - 16661. Is s a prime number?
False
Suppose 0*z + 3*f + 33 = -3*z, 0 = -z + 4*f + 14. Let u(h) = 20 - 17 - 11*h + 2*h - h**2. Is u(z) composite?
True
Let o = 11300 + -3393. Is o prime?
True
Is (-2 - 3671)*10*(-3)/6 composite?
True
Let w(n) = -2*n**2 + 6*n + 12. Let l be w(6). Let j be (-2 + l)*(-9)/(-2). Let q = j + 232. Is q prime?
False
Is 15/(-75)*(3 + -40738) a composite number?
False
Let q(u) be the second derivative of -33*u**5/20 + 5*u**4/12 + u**3/3 - 7*u**2/2 + 4*u. Is q(-3) composite?
True
Let n(g) = 8*g**2 + 7*g - 17. Let q be n(9). Suppose 2*k - 355 = -5*s + 327, k = 5*s - q. Is (4 - 6 - -5) + s composite?
True
Let a = -322 + 711. Is a prime?
True
Let g(t) = t**3 - 12*t**2 + 20*t + 4. Let c be g(10). Suppose u - 477 = 3*p + 239, 0 = -c*p - 12. Is u a prime number?
False
Suppose h - 1166 = c + 1477, 5*c = 5. Suppose -h = 5*k - 2*b, -3*k - 2104 = k + 4*b. Let z = 779 + k. Is z a prime number?
True
Suppose 0*x - 8 = 2*x + 4*h, -h - 29 = 5*x. Let b(f) = -221*f - 67. Is b(x) composite?
False
Is ((-367)/(-5))/(21/(-63))*-5 a prime number?
False
Let i(r) = -r - 2 + 3 + 0*r + 7*r**2 - r. Let y be i(1). Is ((-40)/y)/((-8)/12) composite?
True
Let z(t) = -t + 7. Let j be z(3). Suppose -o + j*o = 336. Let a = 315 - o. Is a a composite number?
True
Let r(t) = t**3 + 3*t**2 + 3*t. Let a be r(-2). Let w(p) = 78*p**2 - 5*p - 5. Is w(a) a prime number?
True
Let d be 9/3 + 0/(-2). Let w(u) be the third derivative of u**6/30 - u**5/20 - u**4/8 + 7*u**3/6 - 32*u**2. Is w(d) prime?
True
Suppose 3*r + 5*t + 3 = -r, 0 = 4*r - 5*t - 27. Let s be 3 + (r - 3) + -5. Is ((-1)/(-3))/(s/(-90)) composite?
True
Let v(y) = 282*y - 161. Is v(12) a composite number?
True
Let p(g) = 9*g**2 + 7*g + 13. Let i be ((-4)/5)/((-8)/(-60)). Is p(i) a prime number?
False
Let v(x) = 14014*x + 523. Is v(5) prime?
False
Let k(a) be the third derivative of a**5/60 - a**4/12 + 889*a**3/6 - 3*a**2. Is k(0) prime?
False
Suppose -3*a - 220051 = -4*l, 78*l - 75*l = 5*a + 165030. Is l composite?
True
Let u(l) = 250*l - 3. Let b(v) = v + 8. Let m be b(-6). Suppose -m*r = r - 6. Is u(r) prime?
False
Let z = -166 + 1548. Is z composite?
True
Suppose 0 = 6*y - 11*y - 20. Let r be (-3)/((-18)/y)*-3. Suppose 5*m + l - 108 = r*m, -2*l = 2*m - 68. Is m a composite number?
False
Let u be (804/(-10))/((-108)/17640). Suppose 9048 = 20*a - u. Is a prime?
True
Let m(a) = 33*a**2 - a + 2. Let r be m(-2). Let g(t) = 26*t + 21. Let h be g(-4). Let q = h + r. Is q a composite number?
False
Let c(r) = 197*r**2 + r + 1. Let b be c(-3). Suppose 12*l - b = 1409. Is l a prime number?
False
Suppose -n - 6*t - 4 = -t, 24 = n - 2*t. Let g be n/56 + 38/14. Suppose -g*m + 40 =